h - 18. Determine u(-10).
22
Let r(o) = -o**2 - 7*o - 10. Give r(-7).
-10
Let h(o) = 2*o + 1. Determine h(5).
11
Let q(k) = -k**3 + 4*k**2 - k + 4. Determine q(4).
0
Let d(m) = m + 40. Calculate d(0).
40
Let t(j) = j**2 + 12*j - 30. Determine t(-12).
-30
Let n(q) = -9*q - 205. Determine n(-22).
-7
Let m(k) = -k**3 - 10*k**2 + 7*k - 31. Give m(-11).
13
Let w(f) = 3*f**3 + 17*f**2 - 2*f + 25. Determine w(-6).
1
Let w(b) = -9*b - 101. Give w(-11).
-2
Let d(k) = -6*k - 3. What is d(-8)?
45
Let t(g) = g**3 - 7*g**2 + 11*g - 27. Calculate t(6).
3
Let v(z) = 2*z + 19. Determine v(-13).
-7
Let w(s) = -s + 18. Determine w(14).
4
Let n(q) = q**3 - 5*q**2 + 8*q - 2. Give n(5).
38
Let h(c) = c**2 + 8*c + 6. Calculate h(-6).
-6
Let s(c) = -c**2 - 2*c + 491. Give s(21).
8
Let v(t) = 3*t + 35. Calculate v(-14).
-7
Let t(y) = -y**3 + 13*y**2 + 13*y - 7. Give t(14).
-21
Let n(z) = 20*z**2 - 60*z + 1. Calculate n(3).
1
Let b(c) = -c**2 + 5*c - 3. Give b(4).
1
Let v(t) = 9*t**2 + 2. Determine v(-1).
11
Let c(v) = v + 2. Determine c(-1).
1
Let d(w) = 4*w + 12. What is d(-3)?
0
Let c(q) = q**2 - 2*q + 10. Determine c(4).
18
Let t(x) = -9*x**2 - 28*x - 10. Calculate t(-3).
-7
Let o(s) = s**3 + 15*s**2 + 15*s + 14. Calculate o(-14).
0
Let l(r) = -r**3 + 16*r**2 + 16*r + 9. What is l(17)?
-8
Let w(p) = -5*p**2 + 111*p + 101. Calculate w(23).
9
Let j(s) = -22*s - 350. Determine j(-16).
2
Let v(y) = 2*y**3 + y**2. Give v(1).
3
Let c(j) = 29*j + 12. Give c(-1).
-17
Let w(r) = r**2 + 18*r - 1. Give w(-17).
-18
Let y(v) = -v - 12. What is y(-9)?
-3
Let k(l) = -2*l**3 - 5*l**2 - 5*l + 7. Give k(-3).
31
Let a(j) = -9*j - 101. Determine a(-12).
7
Let h(z) = -8*z**3 - z**2 - z. Determine h(-1).
8
Let f(m) = -m**2 + 19*m + 31. What is f(20)?
11
Let v(r) = -3*r + 7. What is v(3)?
-2
Let j(m) = -m**3 + 7*m**2 - 13*m + 10. What is j(7)?
-81
Let x(d) = 11*d + 23. Determine x(-7).
-54
Let s(x) = x**2 - 3*x - 3. Determine s(-2).
7
Let q(i) = 9*i + 95. Determine q(-11).
-4
Let o(s) = -2*s**3 + 3*s**2 - s. Give o(2).
-6
Let n(g) = 5*g**2 - 5*g - 4. Give n(-3).
56
Let a(i) = -34*i**3 - 5*i**2 + 4. Give a(-1).
33
Let t(d) = -d**2 + 9*d - 1. What is t(5)?
19
Let z(r) = r**2 - 12*r + 20. Give z(9).
-7
Let h(m) = -m**3 - 19*m**2 - 14*m + 62. Give h(-18).
-10
Let h(o) = -o**2 + 6*o + 5. Determine h(6).
5
Let r(k) = 23*k + 41. What is r(-2)?
-5
Let a(z) = 5*z + 25. Give a(-5).
0
Let u(v) = -2*v + 37. What is u(15)?
7
Let u(p) = p**3 + 9*p**2 + 19*p. What is u(-5)?
5
Let s(o) = o**3 - 27*o**2 + 26*o - 17. Calculate s(26).
-17
Let s(j) = -j**3 - 8*j**2 + 8*j - 9. Give s(-9).
0
Let k(u) = 7*u + 40. What is k(-5)?
5
Let r(g) = -g**3 + 13*g**2 - 28*g - 14. Calculate r(10).
6
Let x(m) = m**3 - 5*m**2 - m - 27. Determine x(6).
3
Let g(a) = 12*a**3 + 3*a**2 + 7*a + 5. What is g(-1)?
-11
Let i(q) = -q**3 + 16*q**2 + 37*q - 36. Calculate i(18).
-18
Let u(d) = 3*d + 2. Give u(-4).
-10
Let z(v) = -v - 9. Give z(-10).
1
Let a(j) = j**2 - 6*j - 32. Give a(-6).
40
Let j(o) = 84*o**3 + o**2 + o. Give j(-1).
-84
Let v(z) = -4*z**2 - 2*z + 2. Calculate v(1).
-4
Let n(p) = -7*p**3 + p. Calculate n(1).
-6
Let u(b) = -5*b - 37. Calculate u(-8).
3
Let r(k) = k**3 - 10*k**2 - k - 50. Determine r(10).
-60
Let z(c) = c**2 - 9*c - 4. Give z(6).
-22
Let i(t) = t**2 - 13*t + 1. What is i(11)?
-21
Let r(l) = 9*l**2 - 49*l - 36. Give r(6).
-6
Let a(r) = -3*r - 28. Calculate a(-13).
11
Let p(d) = -d**2 + 7*d - 15. Give p(7).
-15
Let j(r) = -r**2 - 2*r + 16. Calculate j(-7).
-19
Let i(t) = 8*t + 47. Give i(5).
87
Let m(y) = y**2 + 6*y - 21. Give m(-11).
34
Let r(t) = t - 35. Calculate r(21).
-14
Let f(b) = -2*b**3 + 39*b**2 + 18*b + 44. Give f(20).
4
Let h(g) = -g - 11. What is h(6)?
-17
Let t(v) = 39*v + 7. What is t(-1)?
-32
Let o(u) = u**2 - 12*u - 286. What is o(-12)?
2
Let n(h) = h**2 - h - 11. Determine n(0).
-11
Let s(u) = -2*u - 1. What is s(1)?
-3
Let b(i) = -i**3 - 3*i**2 + 6*i + 6. Determine b(-3).
-12
Let r(i) = -i**3 + 27*i**2 - 26*i + 9. Give r(26).
9
Let g(m) = -3*m**2 - 3. Determine g(4).
-51
Let f(o) = o**3 + 10*o**2 + 4*o - 21. Give f(-9).
24
Let c(x) = -x - 13. Calculate c(0).
-13
Let r(p) = 5*p + 11. What is r(9)?
56
Let u(k) = 5*k + 5. Determine u(-16).
-75
Let g(k) = 13*k**2 - 205*k - 38. Determine g(16).
10
Let x(c) = c + 23. Determine x(-28).
-5
Let a(p) = p**3 + 13*p**2 + 23*p + 87. What is a(-12)?
-45
Let z(a) = 8*a**2 + 4*a - 5. Calculate z(1).
7
Let r(v) = v**3 + 13*v**2 + 13*v - 110. Calculate r(-11).
-11
Let x(d) = 5*d - 45. Calculate x(10).
5
Let q(h) = h**3 + 6*h**2 + h. Give q(-6).
-6
Let f(h) = h**3 - 8*h**2 + h + 2. Give f(7).
-40
Let r(m) = -m**3 + 34*m**2 + 7. Give r(34).
7
Let c(z) = 3*z**2 + 12*z + 9. Calculate c(-4).
9
Let k(q) = -6*q - 4. Give k(8).
-52
Let r(o) = -o**3 + 9*o**2 - 9*o + 8. Give r(8).
0
Let g(s) = -2*s**3 + 23*s**2 - 11*s - 6. Give g(11).
-6
Let u(l) = 7*l + 46. What is u(-5)?
11
Let h(o) = -o - 46. Calculate h(-9).
-37
Let q(z) = -4*z**2 - 3*z + 1. Give q(3).
-44
Let s(l) = -l**2 + 31*l + 78. What is s(33)?
12
Let o(c) = -2*c**2 + 7*c + 19. What is o(-2)?
-3
Let r(q) = q**3 - 5*q**2 - 65*q - 6. Calculate r(11).
5
Let f(j) = j**2 - 10*j - 2. Determine f(9).
-11
Let j(r) = r**3 + 14*r**2 + 47*r + 18. Give j(-5).
8
Let h(m) = -m**2 - 2*m + 20. Calculate h(0).
20
Let j(k) = -38*k**3 - k**2 + k - 1. Give j(1).
-39
Let o(z) = -z**2 - z + 10. Calculate o(-4).
-2
Let r(y) = -y**2 - 6*y - 9. What is r(-6)?
-9
Let p(n) = -n**3 - 17*n**2 + 6*n - 20. Calculate p(-17).
-122
Let m(f) = 2*f**2 + 11*f + 45. Determine m(-3).
30
Let p(x) = -2*x**2 + 5*x - 5. Determine p(2).
-3
Let k(o) = -o + 21. What is k(10)?
11
Let u(s) = 3*s + 1. What is u(-5)?
-14
Let c(h) = -55*h**2 + h - 2. What is c(1)?
-56
Let i(y) = 6*y**2 + y. What is i(2)?
26
Let x(i) = -8*i**3 + 2*i**2 - i - 3. Give x(2).
-61
Let d(c) = c**3 + 10*c**2 + 7. Calculate d(-10).
7
Let t(y) = -3*y**2 + 2*y - 3. Determine t(2).
-11
Let r(k) = -2*k**3 - 12*k**2 + 5*k + 15. What is r(-6)?
-15
Let o(l) = -3*l**2 + 16*l + 8. Give o(6).
-4
Let n(x) = 5*x**3 + x**2 - 4*x - 3. Determine n(-2).
-31
Let w(t) = t**3 + 3*t**2 - 6*t - 4. What is w(-4)?
4
Let r(p) = 3*p - 112. What is r(35)?
-7
Let i(j) = -j**2 - 6*j + 7. What is i(-7)?
0
Let x(m) = -6*m + 5. Calculate x(2).
-7
Let h(f) = f**3 - 6*f**2 - 4*f + 18. Determine h(6).
-6
Let h(z) = z**3 + 21*z**2 + 20*z - 9. Give h(-20).
-9
Let f(u) = 5*u**2 - u - 1. Give f(-1).
5
Let h(z) = z**3 + 8*z**2 + 5*z - 5. What is h(-6)?
37
Let f(b) = b**2 - 7*b + 10. What is f(5)?
0
Let o(l) = l**2 + 11*l - 1. Give o(-11).
-1
Let q(a) = -a**2 + 7*a - 4. What is q(5)?
6
Let f(z) = 6*z + 2. What is f(1)?
8
Let i(u) = -6*u**3 - u**2 - 2*u. What is i(-1)?
7
Let i(x) = -x - 7. Determine i(3).
-10
Let a(c) = 9*c + 18. Determine a(2).
36
Let y(v) = -v**3 + 6*v**2 - 10*v + 7. Determine y(7).
-112
Let g(i) = -37*i + 369. Give g(10).
-1
Let f(u) = u**3 + 4*u**2 - u + 7. Calculate f(-5).
-13
Let g(w) = 2*w**3 - 5*w**2 - 2*w - 6. Determine g(3).
-3
Let g(i) = -i**3 - 2*i**2 + 3*i + 1. What is g(-3)?
1
Let l(f) = -2*f**2 - 14*f - 8. Give l(-6).
4
Let a(s) = -s**2 + 25. Calculate a(6).
-11
Let m(c) = c**2 - 4*c - 6. What is m(5)?
-1
Let n(t) = -2*t**3 + 64*t**2 - t + 73. Calculate n(32).
41
Let x(m) = -m**3 + 2*m**2 + 2*m - 4. Determine x(2).
0
Let p(w) = -2*w**2 - w - 18. Calculate p(-4).
-46
Let z(f) = -f**2 + 8*f + 3. Give z(9).
-6
Let a(u) = -5*u + 64. Calculate a(16).
-16
Let w(j) = 3*j - 39. Calculate w(10).
-9
Let n(y) = y**3 - y**2 + 5*y + 4. Determine n(3).
37
Let y(x) = -6*x - 79. Give y(-13).
-1
Let f(a) = a**3 + 4*a**2 - 5*a - 13. Determine f(-4).
7
Let i(f) = f**2 + 21*f - 236. What is i(8)?
-4
Let o(u) = -2*u**3 - 2*u**2 - u. Calculate o(2).
-26
Let w(u) = 6*u**2 + 3*u + 1. Calculate w(3).
64
Let l(p) = p + 7. Determine l(0).
7
Let d(b) = -b**3 - 12*b**2 - 9*b - 7. What is d(-11)?
-29
Let t(l) = -l**2 - 62*l + 12. What is t(-62)?
12
Let a(p) = 18*p + 176. Give a(-10).
-4
Let o(i) = -i**3 + 14*i**2 + 13*i + 44. What is o(15)?
14
Let j(b) = -7*b**2 - 2*b + 2. Give j(-2).
-22
Let c(w) = -6*w + 24. Calculate c(5).
-6
Let j(a) = 32*a**3 - 4*a**2 - a + 1. Calculate j(-1).
-34
Let z(q) = -q**2 - 9*q - 9. What is z(-2)?
5
Let x(w) = -6*w**2 + 36*w + 11. What is x(6)?
11
Let v(n) = -n**3 - 27*n**2 - 47*n 